z. List the prime factors of w.
3, 13
Let b = -196 - -1220. Let k = b - -170. What are the prime factors of k?
2, 3, 199
Let w = -183 + 186. Let s = 2180 - 1356. Suppose -2*m = w*k - 420, 5*m + 2*k - s = m. What are the prime factors of m?
2, 3, 17
Suppose -34*y - 57*y = -1152879. What are the prime factors of y?
3, 41, 103
What are the prime factors of 8/(120 + 0) - 1632820/(-75)?
3, 41, 59
Let s = -39233 + 59262. What are the prime factors of s?
20029
Suppose -6*s + 11*s - 1930 = -3*p, 3*s + p - 1158 = 0. Suppose -v - 3*v + 5*m = 533, m - s = 3*v. Let d = v - -260. What are the prime factors of d?
7, 19
Let o be (-20)/12*(-54)/(-30). What are the prime factors of o + 0 - (-787 - 29)?
3, 271
Let j be -55 + (7 - 7)*(-1 + 2). Let w be 33*(-8)/(-6)*j/(-22). Suppose -2*y - 2*l + 142 = 0, -y + w = 3*l + 29. What are the prime factors of y?
2, 3, 11
Let r be 0/(-3) - (1 - -1010 - 1). Let o = -594 - r. List the prime factors of o.
2, 13
Suppose 3*z = -0*z + 1707. Let j = 1088 - z. Suppose 6*c + j = 1575. List the prime factors of c.
2, 11
Suppose -12*x = 2*y - 11*x - 3, -15 = -y + 4*x. Suppose -5*b - 5*c = -3*c - 8859, -5*c - 5334 = -y*b. List the prime factors of b.
3, 197
Let s(t) = 859*t + 666. What are the prime factors of s(26)?
2, 5, 23
Suppose -4*y - 2*w = -3*y - 3, -9 = 3*w. Let o = -5 + y. What are the prime factors of (-21)/o*(-3 - 81)/3?
3, 7
Suppose 3*x + 289 = -2*k, 3*x - 2*k + 309 = k. Let m = 149 + x. What are the prime factors of m?
2, 5
Let h be (3/(45/(-12)))/(4/(-80)). Suppose 11*m - h*m + 950 = 0. What are the prime factors of m?
2, 5, 19
Let a = -10 + 15. Suppose -2*y = -d + 10, -a*d - 5*y - 7 = 3. Suppose -4*v + 167 = -3*m, 2*v + m = -d*v + 147. What are the prime factors of v?
2, 19
Let s be -2 + (-5 + 6 - -1). Suppose s = 6*y - 730 - 236. List the prime factors of y.
7, 23
Let a = 396 + -419. Let g(f) = -f**3 - 22*f**2 + f - 9. What are the prime factors of g(a)?
7, 71
Suppose 0 = -4*i - 4*g - 24, 0 = -4*i - 0*g + 2*g - 18. Let p(d) = d + 3. Let z be p(3). What are the prime factors of 1/3 - (i + (-298)/z)?
5, 11
Suppose -c = -18*c + 833. Suppose -c*q + 7839 = -10*q. What are the prime factors of q?
3, 67
Let s(p) = 7*p - p**2 - 57*p + 25 + 28*p. Let f be s(-21). Suppose c = 3*h + 83, h - 339 + f = -4*c. What are the prime factors of c?
2, 37
Let t = -254 - -440. Suppose 0 = 67*z - 65*z + t. Let u = 173 + z. What are the prime factors of u?
2, 5
Let s(v) = 19974*v**2 - 10*v - 5. What are the prime factors of s(-1)?
19979
What are the prime factors of (-120403)/(-7) - 66/154?
2, 5, 43
Suppose 7097 = 4*c + t, 93*c = 98*c + 4*t - 8852. What are the prime factors of c?
2, 3, 37
Suppose 21*l - 3*u = 24*l - 116457, 5*l = 5*u + 194065. What are the prime factors of l?
2, 1213
Suppose 4*i - 21*i = -140284. Suppose -z = 4*y - 3*y - 1644, 5*z - 3*y - i = 0. List the prime factors of z.
2, 103
Let t = -21 - -12. Let m(k) = k + 16. Let d be m(t). List the prime factors of 1/3*(d + 212).
73
Let q(h) = h**3 + 5*h + h**2 - 46 + 77 + 221. Let d be (27/(-6))/(-9)*0. What are the prime factors of q(d)?
2, 3, 7
List the prime factors of 4/30 - 220/275*97453/(-12).
73, 89
Let t = -30346 - -45632. List the prime factors of t.
2, 7643
Let v(u) = -47*u**3 - 6*u**2 - 5*u + 2. Let c be v(-4). Suppose 3*j = -3*j + c. List the prime factors of j.
3, 163
List the prime factors of (-3 + 5119)/(48/72).
2, 3, 1279
Let r(a) = 4*a**2 - a + 21. Let w(q) = 15*q**2 - 3*q + 84. Let x(m) = 9*r(m) - 2*w(m). What are the prime factors of x(-4)?
3, 43
Let l(s) = s**2 + 30*s + 126. Let f be l(-5). What are the prime factors of (-359)/7*(-15 + f)?
2, 359
Let x(c) = -15*c**3 + 2*c**2 - 1. Let r be x(1). Let z be ((-217)/35 - -11)*90/8. Let n = z - r. What are the prime factors of n?
2, 17
Suppose 331*f - 8 = 332*f. What are the prime factors of f + -1 + 4935/5?
2, 3, 163
Suppose 7615 + 1761 = 2*o. What are the prime factors of o?
2, 293
Let c = 29439 - 6197. What are the prime factors of c?
2, 11621
Let o(b) = b**2 + 7*b + 13. Suppose 0 = -x + 5*d + 10, x = -5*d - 12 - 8. Let n be o(x). What are the prime factors of (3/9)/(n/1710)?
2, 5, 19
Let u(o) = o**3 - 5*o**2 - 11*o + 13. Let c be u(6). Let h = c - -20. Let l(p) = 5*p**3 - 5*p**2 + 6*p + 2. What are the prime factors of l(h)?
2, 5, 11
Let k(v) = -968*v + 16. Let q be k(5). What are the prime factors of q/6*2/(-6)?
2, 67
Let b(x) = 41*x + 23. Suppose 5*k + 31 = c, k + 20 = -4*k. What are the prime factors of b(c)?
2, 3, 79
Let s(r) = 3*r**2 + 5*r + 78. Suppose -117 = -8*q + 19. List the prime factors of s(q).
2, 5, 103
Suppose -100*i - 553 = -99*i. What are the prime factors of ((-488)/56 + 7)/(2/i)?
2, 3, 79
Let n = -880 + 911. Suppose -n*a = -0*a - 52018. List the prime factors of a.
2, 839
Suppose -5*f - 63 = -2*v, 4*f + 57 + 75 = 4*v. Suppose 5*w = 3*g - v, 3*g = -w - 0*w + 4. Suppose -507 = -g*k - 96. What are the prime factors of k?
137
Suppose 0 = -3*t - o - 5, 2*o = -2*t - o - 15. Let z be (-6)/27 + 180/81. List the prime factors of (t - z/8) + 4328/32.
3, 5
Suppose -4 = -4*o + 20. Suppose 0 = 5*m + 3*d + 36, -o*m - 5*d - 22 = -4*m. What are the prime factors of (m/4)/(3/(-364))?
2, 7, 13
List the prime factors of (-20 + -6335)*(4 + (-3 - (-18)/(-10))).
2, 31, 41
Let z(j) = 129*j**2 - 6*j + 30867. List the prime factors of z(0).
3, 10289
What are the prime factors of (25 - 18)/(23/190785)?
3, 5, 7, 79
Let l be 12/(36/(-3585))*(-3)/(15/1). Let g(u) = 2*u - 4. Let f be g(5). Suppose -f - 4 = -2*h, -h = -2*z + l. List the prime factors of z.
2, 61
Let i(x) = -686*x + 2589. List the prime factors of i(-25).
19739
Let j be (-2)/((-4)/(-6)) + -17 + 1517. Let v = j - 617. Suppose -2*h = -7*h + v. List the prime factors of h.
2, 11
Let b(v) = 4*v**2 + v - 1. Let o be b(2). Suppose 0 = s - 2*s + 4*p - o, 5*p - 10 = 5*s. Let l = s - -32. What are the prime factors of l?
5, 7
Let j = 681 + -392. Let p = j - 172. List the prime factors of p.
3, 13
Let n = -26 - -16. Let h be ((-195)/130)/((-6)/(-22))*-2. List the prime factors of 1351/h + 6/(-330)*n.
3, 41
Suppose 3*x - 2128 = -565. Let y = -59 + x. List the prime factors of y.
2, 3, 7, 11
Let o(a) = 80*a**2 + 378*a - 34. List the prime factors of o(-12).
2, 5, 139
Let h be -97*((-6)/(-6) - -1). Let b = 239 + h. What are the prime factors of b?
3, 5
Let b = 785 + 192. Suppose 2*q = 4*v + 553 + 99, -3*q + 5*v + b = 0. What are the prime factors of q?
2, 3
Let d(j) = 3379*j + 252. What are the prime factors of d(3)?
3, 3463
Suppose -4*g + 0*q = q - 563, 0 = -g + 5*q + 125. Let y = -137 + g. Suppose 4*a - y*j - 231 = 283, 4*j = 4*a - 516. What are the prime factors of a?
127
Suppose 5*v - 15*w = -20*w + 19675, -3*w = 4*v - 15740. List the prime factors of v.
5, 787
List the prime factors of 6702 + (-17)/(-102) + 138/36.
2, 7, 479
Suppose 5*w - 20 = 5*r, -4*w + 13 + 3 = 2*r. Suppose r = 7*x - 4*x. Suppose -3*v + 22 + 185 = x. What are the prime factors of v?
3, 23
Let a = 52 + -26. Suppose o - 5*x + 40 + a = 0, -258 = 5*o - x. Let y = o + 133. What are the prime factors of y?
2, 41
Suppose -4*p - 3*a + a = 10, -4*p - 5 = 3*a. Let g = -44 - p. Let r = 57 + g. What are the prime factors of r?
2, 3
Suppose -245267 + 41536 = -8*l + 63989. What are the prime factors of l?
3, 5, 23, 97
Suppose 9*d = -t + 13*d - 136, 4*t + 5*d = -586. What are the prime factors of 1*4*(-6)/(t/4134)?
13, 53
Suppose 206*t = 251*t - 1493730. What are the prime factors of t?
2, 7, 2371
Suppose -2*z - 2*a = -1842, 0 = -57*z + 53*z - a + 3681. List the prime factors of z.
2, 5, 23
Let n(l) = -14*l**3 - 9*l + 20. Let a be n(-8). List the prime factors of a/(-3)*3/(-6).
2, 5, 11
Suppose 7*p - 908 = 282. Suppose 0 = -6*h + p + 2302. List the prime factors of h.
2, 103
What are the prime factors of (-47)/((3/(342/4))/((-7800)/585))?
2, 5, 19, 47
Let v = -48 - -236. Suppose -4*a + 4*p + 287 = 1051, 2*p - v = a. Let q = a - -337. List the prime factors of q.
11, 13
Suppose -4*l + 3*k = 134, -5*k + 5 = -5. Let w = 474 + l. List the prime factors of w.
2, 13, 17
Suppose 2*z = 2, 56*x = 52*x - 4*z + 46740. What are the prime factors of x?
2, 23, 127
Suppose -5*o + 2*i + 2*i = 656, 2*i = 3*o + 394. Let l = 164 + o. What are the prime factors of l?
2
Suppose 5*s - 26 = 29. Suppose -4*g - 14 = -s*g. What are